 + 24*t**2 - 23*t + 17. Let h be i(23). Suppose h = 4*w - 19. Suppose 255 = 12*n - w*n. What is the highest common factor of 34 and n?
17
Suppose f - 137 = 4*m, 4*f - 185 = 5*m - 0*f. Let q = -21 - m. Let z be (52/q + -4)*18. What is the highest common factor of z and 30?
6
Suppose 6*r = 5*m + 9*r - 694, -4*m - 5*r = -550. What is the greatest common factor of 620 and m?
20
Let d be (-32)/(((12/40)/(-3))/1). Let b = d + -194. What is the greatest common factor of 84 and b?
42
Let g(s) = s**2 - 3*s - 7. Let v be g(-8). Suppose 3*p + v = 3*u + 15, 3*p + 32 = u. Calculate the greatest common divisor of u and 187.
17
Let f(u) = 144*u + 1312. Let r be f(-7). What is the highest common divisor of r and 2242?
38
Let k be 546/(-6552) + 3457/12. What is the greatest common divisor of k and 234?
18
Let g = 21759 + -21710. Let b be (3 - 1)/(8/3724). What is the highest common factor of g and b?
49
Let t be 10 + -2 + 5 + -3. Let m = -31 + 29. Let n be (75/m)/((-1)/((-8)/(-6))). What is the greatest common divisor of n and t?
10
Let r(y) = -270*y + 1881. Let v be r(6). Calculate the greatest common factor of 1073 and v.
29
Suppose -2*x = -3*j + 1, -8 = -3*x + 7*x. Let y(u) = -46*u**3 + u**2 - 2. Let a be y(j). Calculate the highest common factor of 15 and a.
15
Let s(z) = 2*z**3 - 6*z**2 - 97*z + 448. Let m be s(5). Calculate the greatest common divisor of 6489 and m.
63
Suppose -222403 + 216760 = -27*u. What is the greatest common factor of 76 and u?
19
Suppose 0 = -5*r - n + 18, 11 = 2*r - 2*n - 1. Let b be 3/(-6)*1 + 99/6. Suppose -28 = -18*u + b*u. What is the greatest common divisor of u and r?
2
Let h = 3392 + -3372. Calculate the highest common divisor of h and 825.
5
Suppose -1295 = 18*c - 7*c - 4155. Calculate the greatest common factor of c and 140.
20
Let g = 2308 - 2064. Suppose 22*v - 15*v - 56 = 0. What is the highest common divisor of v and g?
4
Suppose -q = 4*u - 7, -2*u - q = q - 2. Let d be (u + -1)/(1/(-12)). Let l be (13 - d - (1 + 3)) + 3. Calculate the highest common factor of 6 and l.
6
Let u(s) = s**2 + 13*s + 39. Let o be u(-16). Let p = -31 + o. Suppose 21*f - 12*f = 72. Calculate the highest common factor of p and f.
8
Let x be 9/((-756)/(-24)) + 3272/14. Calculate the greatest common divisor of x and 598.
26
Suppose -3398*q - 415 = -3403*q + 445. What is the highest common divisor of 100 and q?
4
Let y(b) = -b**2 + b + 52. Let i be y(0). Let k(g) = g**2 - 935*g - 46716. Let s be k(-48). Calculate the greatest common factor of i and s.
52
Let b = -7012 + 8506. What is the highest common divisor of 90 and b?
18
Let r = -53 - 4. Let h = r + 69. Suppose -h*d = -8*d - 20. What is the greatest common factor of 20 and d?
5
Suppose -661396 = -330*y - 105676. Calculate the highest common divisor of 28 and y.
4
Suppose -2*l - 178 = -5*s + 24, 2*s = 4*l + 84. Suppose 0 = -5*m + 293 - 43. Calculate the highest common divisor of s and m.
10
Let m = -283 - -293. Let o be (1/2)/(4/(-8)) + 471. Calculate the greatest common divisor of o and m.
10
Suppose 0 = -4*x + m + 67, 2*m = x - 33 - 3. Let z(c) = 2*c**2 - 4*c - 1. Let w be z(3). Suppose -k + w = -9. Calculate the greatest common factor of k and x.
14
Let r(q) = -q**2 + 29*q - 52. Let p be r(27). Suppose p*l - 13*l + 1232 = 0. Let j(h) = 7*h. Let z be j(2). Calculate the highest common divisor of l and z.
14
Suppose -4*r + 340 = 4*i, -14*i + 10*i + 70 = r. Calculate the highest common divisor of 13770 and r.
90
Let m be (-1 + (-4)/(-10))/(195/(-191100)). What is the highest common divisor of m and 84?
84
Let l = 518340 + -518331. Let m = 15 + -10. Suppose -175 = -m*d + 50. What is the highest common factor of l and d?
9
Suppose 124*f - 24674 = -5578. What is the highest common divisor of 121 and f?
11
Suppose 4*p = -33 - 51. Let o be 14 - (4 + -1 - p/(-3)). Suppose -2*m = -0 - 4. What is the greatest common divisor of m and o?
2
Suppose 0 = 3*b + 92 + 88. Let q = -1982 + 2050. Let z = b + q. Calculate the greatest common factor of 4 and z.
4
Let b = 16 + -17. Let v be (-16)/b - (4 + -2). Calculate the highest common factor of 2 and v.
2
Let p = 1523 - 1455. What is the highest common factor of p and 20?
4
Let s(c) = 83*c - 786. Let a be s(10). Let x = -39 + 61. What is the highest common factor of a and x?
22
Let g(r) = -r**2 - 11*r - 9. Let q be g(-6). Suppose -m - 179 = -2*h, -36 + 210 = -m + 3*h. Let p = m - -315. What is the greatest common divisor of q and p?
21
Suppose 4*f - 4*x - 3740 = 0, -4 = 2*x - 4*x. Let p = -901 + f. Calculate the greatest common factor of p and 96.
12
Let j be 1253 - (0 + (9 - 16)). Calculate the greatest common factor of 280 and j.
140
Let t = 1328 + -612. Suppose 36 = -10*n + t. What is the greatest common divisor of n and 170?
34
Let u be (-184 + 4/4)/((-3)/22). Calculate the highest common factor of 610 and u.
122
Suppose -959 = -5*j + 3*w, -5*w + 14 = -j + 219. Let f = -27 + 57. What is the greatest common factor of j and f?
10
Suppose 0 = 10*l - 46 - 814. Suppose -12*q + 46 + l = 0. What is the highest common factor of 143 and q?
11
Suppose -10*v + 2060 - 333 = -6953. Calculate the greatest common divisor of 1364 and v.
124
Let w(s) = 3*s + 59. Let r be w(-18). Let j(h) = -2*h**2 + 11*h + 3. Let q be j(r). Calculate the greatest common divisor of q and 88.
8
Suppose 2*s - 4196 = 220. What is the highest common divisor of s and 624?
48
Let s(h) be the third derivative of h**5/20 - h**4/24 + 7*h**2. Let j be s(1). Let t be (-6)/5*-10*j. Calculate the highest common factor of 48 and t.
24
Let t(w) = 314*w + 256. Let p be t(2). Calculate the highest common divisor of 26 and p.
26
Suppose -4*j = -2*k + 400, -k + 241 - 41 = -4*j. Calculate the highest common factor of 190 and k.
10
Suppose 8*d = -3*h + 12*d + 643, -12*d + 1221 = 5*h. Calculate the greatest common factor of 90 and h.
45
Let q be (40/(-6))/(4/18). Let d = -26 - q. Let u be 2/8*d - (-18 + 3). Calculate the highest common divisor of 176 and u.
16
Suppose -86*u + 50*u - 107*u + 344058 = 0. What is the greatest common factor of 6 and u?
6
Suppose -98*r - 589257 = -1401089. Calculate the greatest common factor of r and 152.
76
Let f(k) = 545*k + 75. Let b be f(5). Calculate the highest common divisor of b and 224.
112
Let n(i) = 3*i**2 + 7*i - 19. Let v(u) = u**2 + 2. Let y(w) = n(w) - v(w). Let q be y(-6). Calculate the greatest common factor of 51 and q.
3
Suppose -15*g + 12*g = -15. Suppose -3*s - 108 = -4*s - 4*z, -4*z = -g*s + 468. Calculate the highest common factor of s and 60.
12
Let h be (67/(-2))/(22/44). Let p = h + 251. What is the highest common divisor of p and 23?
23
Let s be (((-770)/20)/11)/(8/(-3312)). Calculate the highest common factor of s and 189.
63
Let q = -2443 + 4111. Calculate the highest common factor of 60 and q.
12
Suppose 5*j + 5*w - 131 = 2*w, 121 = 4*j - 3*w. Let r = -23 + 25. Suppose m + 2*m - 14 = r*h, h - 19 = -5*m. What is the highest common divisor of m and j?
4
Let v = -633 + 728. Calculate the highest common divisor of 535 and v.
5
Suppose 0 = 5*k + 5*h - 14590, 4*k + 3*h - 6354 - 5312 = 0. Calculate the greatest common factor of 28 and k.
28
Suppose 4*z + 200 = -4*f, 5*z - z - 4*f = -200. Let w = z - -66. Suppose 0 = 14*m - w*m + 30. Calculate the highest common divisor of m and 15.
15
Let o = -11042 - -11842. Calculate the greatest common factor of o and 500.
100
Suppose -2*b + 0*b + 384 = 0. Suppose 0 = 5*l - 4*u - 73 + 41, 5*u = l + 23. What is the greatest common factor of b and l?
12
Let x = -122 - -123. Suppose 9*m - 17 = x. Calculate the greatest common factor of m and 18.
2
Suppose 0 = -4326*d + 4338*d - 19 - 185. Let v be (-1 - (1 - 3))*1. Suppose -s + 2479 = 5*b, -v = 4*s - d. What is the greatest common divisor of b and 45?
45
Let w(x) = -2*x**3 + 24*x**2 - x + 12. Let s be w(12). Suppose s = -63*h + 67*h - 84. Calculate the highest common divisor of h and 147.
21
Suppose 0 = 34*t - 33*t - 910. Calculate the greatest common divisor of 3900 and t.
130
Let n(b) = 19812*b - 314. Let o be n(2). Calculate the highest common factor of 10 and o.
10
Let i(m) = 85*m - 353. Let y be i(12). Suppose -2*t = -y - 1331. What is the highest common divisor of 27 and t?
27
Suppose -t - 5*r = -112, 2*t - 88*r + 84*r = 196. Calculate the greatest common divisor of